 -p*g, 0 = -2*a + g + 3. Calculate the remainder when z is divided by a.
0
Suppose u = 3*p - 11, -u - 5 = -5*p - 2*u. Suppose -p*g = -1 - 65. Let w = g + -8. What is the remainder when w is divided by 13?
12
Suppose 0 = -c + f, 4*c + 2*f - 3*f - 3 = 0. Suppose 0 = 2*z - 5*h - 67, -z - 5*h = 4*z - 80. What is the remainder when 41*1 - 1/c is divided by z?
19
Let u = -8 - -15. Let m = 41 - 19. Suppose -m = -4*r - 6. Calculate the remainder when u is divided by r.
3
Suppose -5*s + 13 = -3*x - 3, 0 = x - 5*s + 22. Suppose -5*c = 5*q - 225, -x*q + 2*c = -2*c - 163. What is the remainder when q is divided by 17?
15
Let o = 3 - 3. Let l(a) = a**3 - a + 63. Let v be l(o). Suppose q + 3*b = -2*q + v, -4*b + 46 = 2*q. Calculate the remainder when q is divided by 10.
9
Let j = 6 + 11. Let l = -5 - -7. Calculate the remainder when 37 is divided by j - (l - (-4)/(-1)).
18
What is the remainder when 3 + (1 - 3) - -108 is divided by 28?
25
Suppose 45 = -29*c + 34*c. Suppose 9 = 3*v - 0*v + b, 0 = -5*v + 3*b + 1. What is the remainder when c is divided by 9/3 + v/1?
4
Let x(h) = 14*h + 2. What is the remainder when x(2) is divided by 11?
8
Let w(q) = q**2 + q + 33. Calculate the remainder when w(0) is divided by 9.
6
Let y be (-15)/6*(-8)/10. Let m = 6 - y. Calculate the remainder when m is divided by 2.
0
Suppose -2*n + 26 = 5*f - 14, f = -5*n + 8. Calculate the remainder when 79 is divided by f.
7
Let b(z) = -2*z**3 + z**2 - 2*z + 1. Calculate the remainder when b(-2) is divided by 7.
4
Suppose -4*z = -2*s + 4*s - 20, 2*s = z + 35. Calculate the remainder when 30 is divided by s.
14
Let f(y) = y**2 - 18*y - 26. What is the remainder when 52 is divided by f(20)?
10
Let h = -42 + 93. Let g = 19 + -15. Suppose -h = -g*u + u. Calculate the remainder when u is divided by 6.
5
Suppose -5*t = -5*y + 156 + 79, -196 = -4*y - 4*t. What is the remainder when y is divided by 17?
14
Let f(g) = 2*g**2 + 4*g + 3. Suppose -3*p + 213 = -4*n, 0*p - p - 3*n + 84 = 0. Calculate the remainder when p is divided by f(-4).
18
Suppose 0*h - 5*h = 0. Suppose h = -4*l + l + 30. What is the remainder when 4/(-14) + 594/21 is divided by l?
8
Suppose -5*j + 220 = -0*j. Let c = -29 + j. Calculate the remainder when 28 is divided by c.
13
Suppose -3*x - 15*k + 31 = -17*k, 0 = 5*x - k - 61. What is the remainder when (-355)/(-7) - 2/(-7) is divided by x?
12
Suppose 200 = 16*k - 40. Calculate the remainder when 57 is divided by k.
12
Suppose 2*n - 44 = -2*n. Let r = 109 - 68. Suppose -r = -f + 1. Calculate the remainder when f is divided by n.
9
Suppose 16 = -2*i - 0*i. Let a = i + 21. Let q(o) = -o**3 - 10*o**2 - 13*o + 2. What is the remainder when q(-9) is divided by a?
12
Let p(j) = j**2 + 6*j + 2. Calculate the remainder when p(-7) is divided by 4.
1
Suppose -2*v + 7*v = -3*m + 56, 16 = v - m. Let y(c) = 2*c**2 - 9*c + 7. Let k = -6 + 12. Calculate the remainder when y(k) is divided by v.
12
Let a = -53 - -85. Suppose 0*s + 4*s = a. What is the remainder when 22 is divided by s?
6
Let s = 66 + -12. What is the remainder when s is divided by 14?
12
Suppose 16 = -0*a + 4*a - 2*w, 4*w - 3 = a. Suppose -18 = -2*c - 2*z, 3*c + 21 = a*c + 3*z. Calculate the remainder when 9 is divided by c.
3
Let j(p) = 5*p**2 + 3*p + 3. What is the remainder when j(-3) is divided by 21?
18
Let b(c) = c**2 - 6*c - 9. Let y be b(8). Suppose y = j - 4. What is the remainder when j is divided by 6?
5
Let m(r) = -2*r**3 + 7*r**2 - 4*r - 19. Let y(w) = -w**3 + 3*w**2 - 2*w - 10. Let t(k) = 4*m(k) - 7*y(k). What is the remainder when t(5) is divided by 12?
10
Let q be ((-12)/8)/((-6)/(-8)). Let s be -1 - 0 - (q + 1). Suppose -5*g + y + 31 = 0, s = 2*g - g - 3*y + 5. Calculate the remainder when g is divided by 3.
1
Let c be 6/24 - (-4922)/(-8). Let j = -22 + 34. What is the remainder when c/(-18) + (-2)/12 is divided by j?
10
Suppose 6*a = -27 + 3. Let p = a + 8. What is the remainder when 6 is divided by p?
2
Suppose -2*q + 194 = 3*g, 4*q - 53 - 63 = -2*g. Let x(t) = t**3 + 8*t**2 + 9*t + 5. What is the remainder when g is divided by x(-6)?
22
Let a(k) = -10*k - 66. Calculate the remainder when 117 is divided by a(-9).
21
Let o(x) = -x**3 + 8*x**2 + 10*x - 4. Let f be o(9). Suppose 10*q = f*q + 80. What is the remainder when 31 is divided by q?
15
Suppose -3 - 7 = -q. What is the remainder when 49 is divided by q?
9
Suppose -2*j = 10, -7*j + 3*j + 40 = 3*g. Suppose d - 6*d + g = 0. Suppose -k + 3*c = 4, 9*c + 8 = 3*k + 4*c. What is the remainder when k is divided by d?
3
Suppose 5*z - 50 = -4*c + 51, 3*c - 12 = 0. Let g = -83 + 142. Let u = g - 27. What is the remainder when u is divided by z?
15
Suppose 0 = -0*p - 5*p - 85. Let r = 22 + p. Calculate the remainder when r is divided by 4.
1
Suppose 5*f - 2*y = 224, 3*y - 2*y = f - 46. Let k = 63 - f. Calculate the remainder when k is divided by 10.
9
Calculate the remainder when (-4)/20*-146 - (-2)/(-10) is divided by 8.
5
Let q = -134 - -155. What is the remainder when q is divided by 2 + (1 - -2) + 1?
3
Suppose 7*g = 128 + 19. Let z(d) = d**3 + 5*d**2 - 3*d - 4. What is the remainder when g is divided by z(-5)?
10
Let c(n) = 3*n**2 + 16*n + 22. What is the remainder when c(-5) is divided by 8?
1
Calculate the remainder when 58 is divided by ((-8)/6)/(18/(-216)).
10
Let v be (-650)/(-70) + (-2)/7. Suppose 0 = -2*a + 4*d - 14, v + 12 = -5*a + 3*d. What is the remainder when 11 is divided by 2*3 - (0 - a)?
2
Suppose -450 = -2*n - 8*n. Calculate the remainder when n is divided by 8.
5
Let x = 6 - 0. Let c(p) = p**2 - 3*p + 2. What is the remainder when 79 is divided by c(x)?
19
Let a(q) be the first derivative of 11*q**5/60 - q**3/6 + q**2 - 1. Let c(k) be the second derivative of a(k). What is the remainder when 29 is divided by c(1)?
9
Let k(s) = 2*s**3 + s**2 - s + 5. Let y be k(-3). Let m = y + 53. Let t(j) = -j + 3. Calculate the remainder when m is divided by t(-6).
7
Let j = -54 - -110. Suppose 5*t = -u + 31, -4*u + 32 = 2*t - j. Calculate the remainder when u is divided by 11.
10
Let g = 51 - 35. Suppose 4*a - 4*c = 64, -c - g = -2*a + 13. What is the remainder when a is divided by 42/5 - 2/5?
5
Let p = 1 + -3. Let c(j) = 18*j - 1. Calculate the remainder when c(4) is divided by (p/(-1) + -1)*24.
23
Suppose -3*k - 1 = -7. Suppose k*h = -3*n - 9, 5*n + 16 = -4*h + 1. Suppose 0 = -h*v + v - 33. Calculate the remainder when v is divided by 18.
15
Suppose 84 = -3*z - 3*p, 3*z - 2*z - p + 36 = 0. Let r = z - -45. Calculate the remainder when r is divided by 4.
1
Let w(j) = -j**2 + 11*j - 7. What is the remainder when w(6) is divided by -5*(-7)/(105/18)?
5
Suppose -3*j - 15 = 2*a - 0, -2*j = -2*a + 10. Suppose 2*g - 32 + 12 = a. Calculate the remainder when 29 is divided by g.
9
Let b(v) = 4*v**2 + 3*v - 2. Let g = -155 + 166. What is the remainder when b(3) is divided by g?
10
Let k(v) = 7*v - 1. Let x = 6 + -4. Calculate the remainder when 24 is divided by k(x).
11
Suppose 2*y - 2*a = -a - 1, -4*a + 12 = -4*y. Suppose 4*x - 67 = -3*g, 4*x + g = y*x + 35. Let k = 56 - 20. What is the remainder when k is divided by x?
17
Let s be ((-24)/(-10))/((-3)/(-15)). Suppose -4*w + s + 48 = 0. Calculate the remainder when w is divided by 8.
7
Suppose 2*v + 88 = -2*v. Let g = 60 + v. Let b = -6 + 26. What is the remainder when g is divided by b?
18
Suppose 2*t + 5*d = -0*t + 13, 2*d + 62 = 4*t. Calculate the remainder when 38 is divided by t.
10
Let g(r) = r**3 + 6*r**2 - 4. Suppose 0 = -4*a + 3*a - 5. What is the remainder when g(a) is divided by (2*-1)/(2/(-11))?
10
Suppose -4*l + k = -2*k, -3*l + 4*k + 7 = 0. Let w be 48/27 - 8/(-36). Calculate the remainder when 13 is divided by w*3 + (-2 - l).
6
Let b = 87 + -3. What is the remainder when b is divided by 29?
26
What is the remainder when 249 is divided by 3 + 38 + -4 + -1 + 6?
39
Suppose 0 = 5*o + 5*v - 6 - 19, -5*v = -4*o + 38. What is the remainder when 24 is divided by o?
3
Let i = 26 - 12. Let b(n) = 7*n**2 + n + 2. Calculate the remainder when i is divided by b(-1).
6
What is the remainder when 13 is divided by 2/(-9) + (-518)/(-63)?
5
Suppose 4*i - 36 = -2*x, -4*i = 2*x - 5*i - 21. What is the remainder when (1 - (-98)/(-6))*-3 is divided by x?
10
Suppose -4*s + 355 = s. Suppose 2*d - s = -17. Let p = d + 7. 